10 = -2*g. Suppose -y*p + 56 = -o - 27, -3*p + 4*o = -59. What is the remainder when 229 is divided by p?
19
Let h = -13455 - -14395. What is the remainder when h is divided by 8?
4
Suppose 68 = 4*h - 3*b, -23 - 17 = -4*h - 4*b. Suppose 9058*n - 3354 - 1599 = 8931*n. What is the remainder when n is divided by h?
11
Let l be (40/(-6))/(132/18 - 8). What is the remainder when 16/l*1210/44 is divided by 5?
4
Let v(i) = -2*i - 4. Let w be v(-6). What is the remainder when (-1)/(-4) + (-1 - (-286)/w) is divided by 2/(-6) - 56/(-6)?
8
Let c = -19252 + 19285. What is the remainder when 425 is divided by c?
29
Let p be ((-6)/4)/(12/(-128)). Suppose -71 = -x - p. Calculate the remainder when x is divided by (715/5)/11 + 1.
13
Calculate the remainder when 6494 is divided by (-2107)/(-43) + 1 + 7.
53
Suppose -16*j + 6*j = 21*j - 30008. Calculate the remainder when j is divided by 324.
320
Let l = 656 + -174. Suppose l = -477*v + 479*v. What is the remainder when v is divided by 78?
7
Suppose 176*u + 2452 = 2*y + 181*u, -3*y + 5*u + 3578 = 0. Calculate the remainder when y is divided by 74.
22
Suppose -39 = 38*m - 51*m. Suppose 2 = 5*t + 22, 0 = -m*y - 4*t + 203. What is the remainder when 583 is divided by y?
72
Suppose 5*l = 5*d, 509*d + 14 = 2*l + 514*d. What is the remainder when 92 is divided by l?
0
Suppose -2*w + 64 = a - 0*w, -a - 3*w + 64 = 0. Let o(s) = -s**2 + 3*s + 8. Let l be o(7). Calculate the remainder when a is divided by (44/(-20))/(2/l).
20
Suppose 5*i + 5*q = 985, 5*i + 3*q - 983 = -0*q. What is the remainder when i is divided by 23?
12
Let w(y) = 2*y**2 - 5*y**2 - 14*y**2 + 25 - 18*y + y**3. Let c be w(18). Calculate the remainder when c/7 - 16/28 is divided by 1.
0
Suppose 914*p = -12165 + 35091 + 27344. Let f(y) = 3*y - 13. What is the remainder when p is divided by f(11)?
15
Let n(h) = 2*h**3 - 5*h**2 + 6*h - 6. Calculate the remainder when n(5) is divided by (-15 + (61 - 13))/1.
17
Suppose 2*i - 22*b - 140 = -18*b, 105 = 2*i + b. Calculate the remainder when 262 is divided by i.
38
Suppose 4*z + 55 = 4*s - 17, -5*z = -3*s + 60. Suppose 1664 = 17*u + s*u. What is the remainder when u is divided by 11?
8
Let i(n) = n**2 - 29*n - 111. Let p(b) = -b**3 + 2*b**2 + 4*b + 32. Calculate the remainder when i(-6) is divided by p(0).
3
Let t(x) = 30*x**2 - 6*x + 1. Let v be t(4). Suppose 2*w - 891 = -v. Calculate the remainder when w is divided by 22.
19
Let a(l) = l - 1. Suppose 6*v + 1370 = 3974. Let i = v + -417. What is the remainder when i is divided by a(6)?
2
Suppose -125*q + 435 = -65*q - 45*q. Let f = 167 + 1. Calculate the remainder when f is divided by q.
23
Let i be 24*(1/2*-32 + 0). What is the remainder when 298 is divided by 2/24 + (-9568)/i?
23
What is the remainder when 826 is divided by (-6)/(-10) + 68112/330?
205
Let p(v) = 2*v**3 + 74*v**2 - 79*v + 23. What is the remainder when 676 is divided by p(-38)?
128
Suppose -18*a + 45 + 27 = 0. Suppose 8*c - 368 = 4*c - 4*l, 369 = a*c + 3*l. Calculate the remainder when c is divided by 77.
16
Let f(p) = 35*p + 353. What is the remainder when f(11) is divided by 6?
0
Suppose -796 = -s - 3*s. What is the remainder when s is divided by -101*(-3)/(3/(-2))*(-25)/50?
98
Suppose 0 = -3*j + l + 41, 0 = l + 2 - 3. Suppose 20 = -5*p, 3*w - j = -2*p + p. Suppose -4*g - 2 = -w*g. Calculate the remainder when 3 is divided by g.
0
Suppose 7455 + 9531 = 298*g. Let a = -1 + 4. What is the remainder when g is divided by a?
0
Let l(z) = z**2 + 90*z + 1965. Let v = 5 - -52. Calculate the remainder when v is divided by l(-36).
15
Suppose 7*p - 2746 = -464. Let o = 882 - 849. Calculate the remainder when p is divided by o.
29
Let y = 6875 + -4119. What is the remainder when y is divided by 120?
116
Let u(x) = x**2 - 15*x - 291. Calculate the remainder when u(29) is divided by 17.
13
Let o(y) be the second derivative of -y**4/12 + y**3/2 + 147*y**2/2 + 9*y + 4. What is the remainder when o(0) is divided by 47?
6
Let l(o) = -o**3 + 10*o**2 - o + 5. Suppose -118 = -15*k + 152. What is the remainder when l(5) is divided by k?
17
Suppose 350*d - 8461 = 494839. Calculate the remainder when d is divided by 165.
118
Let s(q) be the second derivative of q**5/10 - 13*q**4/12 + 7*q**3/6 - 2*q. Suppose 6*f + 6 = 42. Calculate the remainder when s(f) is divided by 2.
0
Suppose 0 = -18*w + 11*w + 224. Let i(c) = -7*c + 30. Calculate the remainder when i(-9) is divided by w.
29
Let c = 68 + -63. Suppose 5*a - 120 = c. Let q = a + -16. Calculate the remainder when 51 is divided by q.
6
Suppose -2*y + 35 = -63. Let z = 13755 + -13513. What is the remainder when z is divided by y?
46
Let w = 57 - 52. Suppose w*x - 166 = 139. Let p = 142 - x. Calculate the remainder when p is divided by 28.
25
Let s = 166 + -153. Let d(l) = 2*l + 39. What is the remainder when d(s) is divided by 6?
5
Let s = 1246 + -883. Calculate the remainder when s is divided by 4.
3
Suppose 0 = -184*k + 191*k - 1988. Let g = k - 225. What is the remainder when 167 is divided by g?
49
Suppose 3*j = -4*g + 335, -33 = -2*j - 31. Calculate the remainder when g is divided by 12.
11
Let q(t) = -t + 6. Let s(c) = -10*c + 11*c - c - c. Let o(h) = q(h) + s(h). What is the remainder when 56 is divided by o(-3)?
8
Let b = -59981 + 60134. Let r(z) = -7*z - 3. Calculate the remainder when b is divided by r(-6).
36
Suppose 28*q - 1153 = 1563. Calculate the remainder when 775 is divided by q.
96
Let z(h) = -2*h**2 + 9*h + 16*h**3 + 11 - 17*h**3 - 22*h + 6*h. Let s = -26 + 37. Calculate the remainder when z(-3) is divided by s.
8
Suppose 0 = 5*m - 4*y + 8*y - 83, -3*y = 3*m - 51. Suppose 9*v + m = 4*v. What is the remainder when (-27)/(1/(v - (3 + -3))) is divided by 28?
25
Suppose -86*s + 1629 = -79*s - 5*n, 691 = 3*s + 5*n. What is the remainder when s is divided by 115?
2
What is the remainder when 3 + ((-6445)/10)/(2*2/(-8)) is divided by 31?
21
Suppose 70*a + 60 = 82*a. Suppose 0 = -2*t + 4, -32 = -5*q - a*t + 48. What is the remainder when 195 is divided by q?
13
Let a = 11298 - 11209. What is the remainder when a is divided by 12?
5
Let m = -4847 - -5408. What is the remainder when 1852 is divided by m?
169
Suppose 15613 = 3*r - 5*u, 2*r + u - 2020 - 8367 = 0. What is the remainder when r is divided by 50?
46
Let k(a) = -a**3 - 26*a**2 - 26*a - 20. Let i be k(-25). Suppose 0 = -d + i*o + 209 - 16, -3*o = 4*d - 726. Calculate the remainder when d is divided by 37.
35
Let r(g) = g**3 - 39*g**2 + 95*g + 148. Calculate the remainder when r(38) is divided by 40.
34
What is the remainder when (-4051917)/(-6975) - 2/(-25) is divided by 13?
9
Let m(g) = g**3 - 11*g**2 + 12*g - 12. Let x be m(10). Let c = 36 - 22. Calculate the remainder when 114/x*(-40)/(-15) is divided by c.
10
Let k(x) = 5*x**2 + 2*x + 6. Let z(u) = -4*u**2 - 2*u - 7. Let o(v) = -3*k(v) - 4*z(v). Let c = -70 - -67. What is the remainder when 22 is divided by o(c)?
9
Suppose -106*d = 250*d - 177644. Calculate the remainder when d is divided by 84.
79
Let h = 2780 + -2751. Suppose -3*n = -0*n - 168. What is the remainder when n is divided by h?
27
Suppose 3*q + 10 = 5*q. Suppose -m = -3*l - 88 + 325, m = 2*l - 158. Suppose -7*h + l = -110. Calculate the remainder when h is divided by q.
2
Suppose -14*v + 0 = -112. Let y = 11 + v. Calculate the remainder when y is divided by 10.
9
Calculate the remainder when (-5)/(-4) + (-7 - (-2355)/4 - -8) is divided by 289.
13
Let v(o) = -o**3 - 40*o**2 - 6*o - 171. Calculate the remainder when 524 is divided by v(-40).
41
Let a(p) = -p**3 - p - 101. Let b be a(0). Let f = -56 - b. Suppose 0 = -6*x + 3*x + 54. Calculate the remainder when f is divided by x.
9
Suppose -3*v + 3*x + 636 = 0, -2*x - 1060 = -4*v - v. Suppose 1085*i = 1083*i + v. What is the remainder when i is divided by (24/4)/(1/6)?
34
Suppose -6*a - 11*a + 4088 = 11*a. Calculate the remainder when a is divided by 23.
8
Suppose -36 = 30*x - 666. Let r(t) = t**2 + 14*t - 3. Calculate the remainder when r(11) is divided by x.
20
Suppose 0*w + w - 8 = 0. Suppose -11424 = 29*a - 10*a - 11804. Calculate the remainder when a is divided by w.
4
Suppose -4164 = -14*k + 2150. Calculate the remainder when k is divided by 7.
3
Calculate the remainder when 5238 is divided by (565686/324 - (-3)/54) + 0/(-1